{"id":39,"date":"2010-10-11T12:37:33","date_gmt":"2010-10-11T12:37:33","guid":{"rendered":"http:\/\/www.lahteenvartijat.com\/?page_id=39"},"modified":"2025-09-05T05:34:15","modified_gmt":"2025-09-05T05:34:15","slug":"ryhmat","status":"publish","type":"page","link":"https:\/\/lahteenvartijat.com\/index.php\/ryhmat\/","title":{"rendered":"Ryhm\u00e4t ja yhteystiedot"},"content":{"rendered":"\n<p>Ryhmiin ilmoittaudutaan ryhm\u00e4njohtajille, ja j\u00e4sentiedot t\u00e4ytet\u00e4\u00e4n j\u00e4senrekisteri <a href=\"https:\/\/kuksa.partio.fi\/kotisivut\/jasenhakemus.aspx?id=9999148\">Kuksaan<\/a>.<\/p>\n\n\n\n<p>Toiminta jatkuu viikolla <strong><b>3<\/b>6<\/strong>.<\/p>\n\n\n\n<p>Ryhmien kokoontumisajat&nbsp;syksyll\u00e4 2025:<\/p>\n\n\n\n<figure class=\"wp-block-table is-style-stripes\"><table class=\"has-fixed-layout\"><tbody><tr><td><strong>Sudenpennut (7-9):<\/strong><\/td><\/tr><tr><td><strong>Aksolotlit<\/strong><\/td><td>Maanantaisin 17:00-18:30<\/td><\/tr><tr><td>Liisa Kiirikki<\/td><td>liisa.kiirikki@gmail.com<\/td><\/tr><tr><td>Greta Murtonen<\/td><td><\/td><\/tr><tr><td><strong>Lieskat<\/strong><\/td><td>Torstaisin 17:45-19:00<\/td><\/tr><tr><td>Kaisu Erola<\/td><td>0447594994<\/td><\/tr><tr><td>Ulla Isoluoma<\/td><td>0445291512<\/td><\/tr><tr><td><strong>Seikkailijat (10-12):<\/strong><\/td><td>&nbsp;<\/td><\/tr><tr><td><strong>Kaksoisagentit<\/strong> <strong><\/strong><\/td><td>Tiistaisin klo 17:00-18:00<\/td><\/tr><tr><td>Tuomo Korhonen<\/td><td>0407568779<\/td><\/tr><tr><td>Petri Isoluoma<\/td><td>0405344036<\/td><\/tr><tr><\/tr><tr><td><strong>Oravakingit<\/strong> <\/td><td>Torstaisin klo 18:00-19:30<\/td><\/tr><tr><td>Veera Koskela<\/td><td><\/td><\/tr><tr><td>P\u00e4ivi Peltonen<\/td><td><\/td><\/tr><tr><\/tr><tr><td><strong>Tarpojat (12-15):<\/strong><\/td><\/tr><tr><td><strong>Kipin\u00e4ukot<\/strong><\/td><td>Maanantaisin 18:30-20:00<\/td><\/tr><tr><td>Nella Karl\u00e9n<\/td><td>0449744225<\/td><\/tr><tr><td>Annika Karl\u00e9n<\/td><td><\/td><\/tr><tr><td><strong>Komeat torvet<\/strong><\/td><td>Tiistaisin klo 17:00-18:00<\/td><\/tr><tr><td>Miika Louko<\/td><td>0442389191<\/td><\/tr><tr><td>Anselmi Laitinen<\/td><td>0449811476<\/td><\/tr><tr><td>Petri Isoluoma, luotsi<\/td><td>0405344036<\/td><\/tr><tr><td><strong>Samoajat (15-17):<\/strong><\/td><\/tr><tr><td><strong>Lent\u00e4v\u00e4t l\u00e4hdemuikkuset<\/strong><\/td><td>Parilliset viikot torstaisin 18:00-19:30 &amp; Parittomat viikot maanantaisin 19:00-20:30<\/td><\/tr><tr><td>Matias Artima<\/td><td>0409129949<\/td><\/tr><tr><td>Nico Salminen, luotsi<\/td><td>0445271031<\/td><\/tr><tr><td><strong>Tilitapit<\/strong><\/td><td>Maanantaisin klo 18:00-19:30<\/td><\/tr><tr><td>Heidi Heikkil\u00e4, luotsi<\/td><td>0453101495<\/td><\/tr><tr><td>Kirsti Wessman<\/td><td><\/td><\/tr><tr><td>Ira Jokinen<\/td><td><\/td><\/tr><tr><td><strong>Vaeltajat (18-22):<\/strong><\/td><\/tr><tr><td><strong>Mainiot Murmelit<\/strong><\/td><td>Tiistaisin klo 18<\/td><\/tr><tr><td>Vilho Lappi<\/td><td>&nbsp;0451812345<\/td><\/tr><tr><td>Miika Louko<\/td><td>&nbsp;0442389191<\/td><\/tr><tr><td>Mikko Launiainen, Luotsi<\/td><td>0505966171<\/td><\/tr><tr><td>Petri Isoluoma, Luotsi<\/td><td>0405344036<\/td><\/tr><tr><td><strong>Perhepartio:<\/strong><\/td><\/tr><tr><td><strong>Karhunpennut<\/strong><\/td><td>Kerran kk viikonloppuisin, tiedot johtajilta<\/td><\/tr><tr><td>Suvi Lappi<\/td><td>0504122209<\/td><\/tr><tr><td>Mari Uotila<\/td><td>0407695088<\/td><\/tr><tr><td><strong>Aikuispartio:<\/strong><\/td><td>Kerran kk viikonloppuisin, tiedot Kaisulta<\/td><\/tr><tr><td>Kaisu Erola<\/td><td>0447594994<\/td><\/tr><\/tbody><\/table><\/figure>\n\n\n\n<figure class=\"wp-block-table is-style-stripes\"><table><tbody><tr><td><strong>L\u00e4hteen Vartijat ry hallitus 2025:<br><\/strong><\/td><\/tr><tr><td>Petri Isoluoma<\/td><td>Lippukunnanjohtaja<\/td><\/tr><tr><td><a href=\"mailto:petri.isoluoma[at]partio.fi\">petri.isoluoma@partio.fi<\/a><\/td><td>0405344036<\/td><\/tr><tr><td>Mikko Launiainen<\/td><td>Ohjelmajohtaja, Lpkja<\/td><\/tr><tr><td><a href=\"mailto:mikko.launiainen[at]partio.fi\">mikko.launiainen@partio.fi<\/a><\/td><td>0505966171<\/td><\/tr><tr><td>Tuomo Korhonen<\/td><td>Pestijohtaja, j\u00e4senrekisterinhoitaja<\/td><\/tr><tr><td><a data-type=\"mailto\" data-id=\"mailto:tuomo.korhonen@partio.fi\" href=\"mailto:tuomo.korhonen@partio.fi\">tuomo.korhonen@partio.fi<\/a><\/td><td>0407568779<\/td><\/tr><tr><td>Riku Viljanen<\/td><td>Hallituksen j\u00e4sen, Kalustonhoitaja<\/td><\/tr><tr><td><\/td><td>0445290996<\/td><\/tr><tr><td>Ulla Isoluoma<\/td><td>Rahastonhoitaja<\/td><\/tr><tr><td>Rahastonhoitaja Lv <a href=\"mailto:lv.rahastonhoitaja@gmail.com\">lv.rahastonhoitaja@gmail.com<\/a><\/td><td>0445291512<\/td><\/tr><tr><td>Niko Karhunen<\/td><td>Sihteeri<\/td><\/tr><tr><td><a href=\"mailto:karhunen.niko@gmail.com\">karhunen.niko@gmail.com<\/a><\/td><td>0400615595<\/td><\/tr><\/tbody><\/table><\/figure>\n\n\n\n<p><\/p>\n","protected":false},"excerpt":{"rendered":"<p>Ryhmiin ilmoittaudutaan ryhm\u00e4njohtajille, ja j\u00e4sentiedot t\u00e4ytet\u00e4\u00e4n j\u00e4senrekisteri Kuksaan. Toiminta jatkuu viikolla 36. Ryhmien kokoontumisajat&nbsp;syksyll\u00e4 2025: Sudenpennut (7-9): Aksolotlit Maanantaisin 17:00-18:30 Liisa Kiirikki liisa.kiirikki@gmail.com Greta Murtonen Lieskat Torstaisin 17:45-19:00 Kaisu Erola 0447594994 Ulla Isoluoma 0445291512 Seikkailijat (10-12): &nbsp; Kaksoisagentit Tiistaisin klo 17:00-18:00 Tuomo Korhonen 0407568779 Petri Isoluoma 0405344036 Oravakingit Torstaisin klo 18:00-19:30 Veera Koskela P\u00e4ivi Peltonen&hellip; <\/p>\n<p class=\"toivo-read-more\"><a href=\"https:\/\/lahteenvartijat.com\/index.php\/ryhmat\/\" class=\"more-link\">Lue lis\u00e4\u00e4 <span class=\"screen-reader-text\">Ryhm\u00e4t ja yhteystiedot<\/span><\/a><\/p>\n","protected":false},"author":1,"featured_media":0,"parent":0,"menu_order":0,"comment_status":"closed","ping_status":"open","template":"","meta":{"footnotes":""},"class_list":{"0":"post-39","1":"page","2":"type-page","3":"status-publish","5":"entry"},"yoast_head":"<!-- This site is optimized with the Yoast SEO plugin v24.1 - https:\/\/yoast.com\/wordpress\/plugins\/seo\/ -->\n<title>Ryhm\u00e4t ja yhteystiedot - L\u00e4hteen Vartijat ry<\/title>\n<meta name=\"robots\" content=\"index, follow, max-snippet:-1, max-image-preview:large, max-video-preview:-1\" \/>\n<link rel=\"canonical\" href=\"https:\/\/lahteenvartijat.com\/index.php\/ryhmat\/\" \/>\n<meta property=\"og:locale\" content=\"fi_FI\" \/>\n<meta property=\"og:type\" content=\"article\" \/>\n<meta property=\"og:title\" content=\"Ryhm\u00e4t ja yhteystiedot - L\u00e4hteen Vartijat ry\" \/>\n<meta property=\"og:description\" content=\"Ryhmiin ilmoittaudutaan ryhm\u00e4njohtajille, ja j\u00e4sentiedot t\u00e4ytet\u00e4\u00e4n j\u00e4senrekisteri Kuksaan. Toiminta jatkuu viikolla 36. Ryhmien kokoontumisajat&nbsp;syksyll\u00e4 2025: Sudenpennut (7-9): Aksolotlit Maanantaisin 17:00-18:30 Liisa Kiirikki liisa.kiirikki@gmail.com Greta Murtonen Lieskat Torstaisin 17:45-19:00 Kaisu Erola 0447594994 Ulla Isoluoma 0445291512 Seikkailijat (10-12): &nbsp; Kaksoisagentit Tiistaisin klo 17:00-18:00 Tuomo Korhonen 0407568779 Petri Isoluoma 0405344036 Oravakingit Torstaisin klo 18:00-19:30 Veera Koskela P\u00e4ivi Peltonen&hellip; Lue lis\u00e4\u00e4 Ryhm\u00e4t ja yhteystiedot\" \/>\n<meta property=\"og:url\" content=\"https:\/\/lahteenvartijat.com\/index.php\/ryhmat\/\" \/>\n<meta property=\"og:site_name\" content=\"L\u00e4hteen Vartijat ry\" \/>\n<meta property=\"article:modified_time\" content=\"2025-09-05T05:34:15+00:00\" \/>\n<meta name=\"twitter:card\" content=\"summary_large_image\" \/>\n<meta name=\"twitter:label1\" content=\"Arvioitu lukuaika\" \/>\n\t<meta name=\"twitter:data1\" content=\"2 minuuttia\" \/>\n<script type=\"application\/ld+json\" class=\"yoast-schema-graph\">{\"@context\":\"https:\/\/schema.org\",\"@graph\":[{\"@type\":\"WebPage\",\"@id\":\"https:\/\/lahteenvartijat.com\/index.php\/ryhmat\/\",\"url\":\"https:\/\/lahteenvartijat.com\/index.php\/ryhmat\/\",\"name\":\"Ryhm\u00e4t ja yhteystiedot - L\u00e4hteen Vartijat ry\",\"isPartOf\":{\"@id\":\"https:\/\/lahteenvartijat.com\/#website\"},\"datePublished\":\"2010-10-11T12:37:33+00:00\",\"dateModified\":\"2025-09-05T05:34:15+00:00\",\"breadcrumb\":{\"@id\":\"https:\/\/lahteenvartijat.com\/index.php\/ryhmat\/#breadcrumb\"},\"inLanguage\":\"fi\",\"potentialAction\":[{\"@type\":\"ReadAction\",\"target\":[\"https:\/\/lahteenvartijat.com\/index.php\/ryhmat\/\"]}]},{\"@type\":\"BreadcrumbList\",\"@id\":\"https:\/\/lahteenvartijat.com\/index.php\/ryhmat\/#breadcrumb\",\"itemListElement\":[{\"@type\":\"ListItem\",\"position\":1,\"name\":\"Etusivu\",\"item\":\"https:\/\/lahteenvartijat.com\/\"},{\"@type\":\"ListItem\",\"position\":2,\"name\":\"Ryhm\u00e4t ja yhteystiedot\"}]},{\"@type\":\"WebSite\",\"@id\":\"https:\/\/lahteenvartijat.com\/#website\",\"url\":\"https:\/\/lahteenvartijat.com\/\",\"name\":\"L\u00e4hteen Vartijat ry\",\"description\":\"#1954 #lahteenvartijat.com #lahteenvartijat #lvry #partioscout\",\"publisher\":{\"@id\":\"https:\/\/lahteenvartijat.com\/#organization\"},\"potentialAction\":[{\"@type\":\"SearchAction\",\"target\":{\"@type\":\"EntryPoint\",\"urlTemplate\":\"https:\/\/lahteenvartijat.com\/?s={search_term_string}\"},\"query-input\":{\"@type\":\"PropertyValueSpecification\",\"valueRequired\":true,\"valueName\":\"search_term_string\"}}],\"inLanguage\":\"fi\"},{\"@type\":\"Organization\",\"@id\":\"https:\/\/lahteenvartijat.com\/#organization\",\"name\":\"L\u00e4hteen Vartijat ry\",\"url\":\"https:\/\/lahteenvartijat.com\/\",\"logo\":{\"@type\":\"ImageObject\",\"inLanguage\":\"fi\",\"@id\":\"https:\/\/lahteenvartijat.com\/#\/schema\/logo\/image\/\",\"url\":\"https:\/\/lahteenvartijat.com\/wp-content\/uploads\/2024\/12\/huivi.png\",\"contentUrl\":\"https:\/\/lahteenvartijat.com\/wp-content\/uploads\/2024\/12\/huivi.png\",\"width\":250,\"height\":178,\"caption\":\"L\u00e4hteen Vartijat ry\"},\"image\":{\"@id\":\"https:\/\/lahteenvartijat.com\/#\/schema\/logo\/image\/\"},\"sameAs\":[\"https:\/\/www.instagram.com\/lahteenvartijat\/\"]}]}<\/script>\n<!-- \/ Yoast SEO plugin. -->","yoast_head_json":{"title":"Ryhm\u00e4t ja yhteystiedot - L\u00e4hteen Vartijat ry","robots":{"index":"index","follow":"follow","max-snippet":"max-snippet:-1","max-image-preview":"max-image-preview:large","max-video-preview":"max-video-preview:-1"},"canonical":"https:\/\/lahteenvartijat.com\/index.php\/ryhmat\/","og_locale":"fi_FI","og_type":"article","og_title":"Ryhm\u00e4t ja yhteystiedot - L\u00e4hteen Vartijat ry","og_description":"Ryhmiin ilmoittaudutaan ryhm\u00e4njohtajille, ja j\u00e4sentiedot t\u00e4ytet\u00e4\u00e4n j\u00e4senrekisteri Kuksaan. Toiminta jatkuu viikolla 36. Ryhmien kokoontumisajat&nbsp;syksyll\u00e4 2025: Sudenpennut (7-9): Aksolotlit Maanantaisin 17:00-18:30 Liisa Kiirikki liisa.kiirikki@gmail.com Greta Murtonen Lieskat Torstaisin 17:45-19:00 Kaisu Erola 0447594994 Ulla Isoluoma 0445291512 Seikkailijat (10-12): &nbsp; Kaksoisagentit Tiistaisin klo 17:00-18:00 Tuomo Korhonen 0407568779 Petri Isoluoma 0405344036 Oravakingit Torstaisin klo 18:00-19:30 Veera Koskela P\u00e4ivi Peltonen&hellip; Lue lis\u00e4\u00e4 Ryhm\u00e4t ja yhteystiedot","og_url":"https:\/\/lahteenvartijat.com\/index.php\/ryhmat\/","og_site_name":"L\u00e4hteen Vartijat ry","article_modified_time":"2025-09-05T05:34:15+00:00","twitter_card":"summary_large_image","twitter_misc":{"Arvioitu lukuaika":"2 minuuttia"},"schema":{"@context":"https:\/\/schema.org","@graph":[{"@type":"WebPage","@id":"https:\/\/lahteenvartijat.com\/index.php\/ryhmat\/","url":"https:\/\/lahteenvartijat.com\/index.php\/ryhmat\/","name":"Ryhm\u00e4t ja yhteystiedot - L\u00e4hteen Vartijat ry","isPartOf":{"@id":"https:\/\/lahteenvartijat.com\/#website"},"datePublished":"2010-10-11T12:37:33+00:00","dateModified":"2025-09-05T05:34:15+00:00","breadcrumb":{"@id":"https:\/\/lahteenvartijat.com\/index.php\/ryhmat\/#breadcrumb"},"inLanguage":"fi","potentialAction":[{"@type":"ReadAction","target":["https:\/\/lahteenvartijat.com\/index.php\/ryhmat\/"]}]},{"@type":"BreadcrumbList","@id":"https:\/\/lahteenvartijat.com\/index.php\/ryhmat\/#breadcrumb","itemListElement":[{"@type":"ListItem","position":1,"name":"Etusivu","item":"https:\/\/lahteenvartijat.com\/"},{"@type":"ListItem","position":2,"name":"Ryhm\u00e4t ja yhteystiedot"}]},{"@type":"WebSite","@id":"https:\/\/lahteenvartijat.com\/#website","url":"https:\/\/lahteenvartijat.com\/","name":"L\u00e4hteen Vartijat ry","description":"#1954 #lahteenvartijat.com #lahteenvartijat #lvry #partioscout","publisher":{"@id":"https:\/\/lahteenvartijat.com\/#organization"},"potentialAction":[{"@type":"SearchAction","target":{"@type":"EntryPoint","urlTemplate":"https:\/\/lahteenvartijat.com\/?s={search_term_string}"},"query-input":{"@type":"PropertyValueSpecification","valueRequired":true,"valueName":"search_term_string"}}],"inLanguage":"fi"},{"@type":"Organization","@id":"https:\/\/lahteenvartijat.com\/#organization","name":"L\u00e4hteen Vartijat ry","url":"https:\/\/lahteenvartijat.com\/","logo":{"@type":"ImageObject","inLanguage":"fi","@id":"https:\/\/lahteenvartijat.com\/#\/schema\/logo\/image\/","url":"https:\/\/lahteenvartijat.com\/wp-content\/uploads\/2024\/12\/huivi.png","contentUrl":"https:\/\/lahteenvartijat.com\/wp-content\/uploads\/2024\/12\/huivi.png","width":250,"height":178,"caption":"L\u00e4hteen Vartijat ry"},"image":{"@id":"https:\/\/lahteenvartijat.com\/#\/schema\/logo\/image\/"},"sameAs":["https:\/\/www.instagram.com\/lahteenvartijat\/"]}]}},"_links":{"self":[{"href":"https:\/\/lahteenvartijat.com\/index.php\/wp-json\/wp\/v2\/pages\/39","targetHints":{"allow":["GET"]}}],"collection":[{"href":"https:\/\/lahteenvartijat.com\/index.php\/wp-json\/wp\/v2\/pages"}],"about":[{"href":"https:\/\/lahteenvartijat.com\/index.php\/wp-json\/wp\/v2\/types\/page"}],"author":[{"embeddable":true,"href":"https:\/\/lahteenvartijat.com\/index.php\/wp-json\/wp\/v2\/users\/1"}],"replies":[{"embeddable":true,"href":"https:\/\/lahteenvartijat.com\/index.php\/wp-json\/wp\/v2\/comments?post=39"}],"version-history":[{"count":28,"href":"https:\/\/lahteenvartijat.com\/index.php\/wp-json\/wp\/v2\/pages\/39\/revisions"}],"predecessor-version":[{"id":1392,"href":"https:\/\/lahteenvartijat.com\/index.php\/wp-json\/wp\/v2\/pages\/39\/revisions\/1392"}],"wp:attachment":[{"href":"https:\/\/lahteenvartijat.com\/index.php\/wp-json\/wp\/v2\/media?parent=39"}],"curies":[{"name":"wp","href":"https:\/\/api.w.org\/{rel}","templated":true}]}}